the greatest common divisor of 211400 and 800?
200
Calculate the highest common factor of 18 and 13206.
6
What is the highest common factor of 6668 and 28?
4
What is the greatest common divisor of 613500 and 2125?
125
Calculate the highest common divisor of 34680 and 120.
120
What is the greatest common factor of 124319 and 26?
13
Calculate the greatest common divisor of 5580 and 159840.
180
Calculate the highest common factor of 360 and 6771960.
360
What is the highest common divisor of 51 and 41418?
3
Calculate the highest common divisor of 96119 and 16309.
347
What is the greatest common factor of 996 and 4233?
249
What is the highest common divisor of 1679 and 11891?
23
Calculate the highest common factor of 1344 and 2075808.
672
Calculate the greatest common divisor of 209 and 33847.
11
What is the greatest common divisor of 107 and 10807?
107
Calculate the greatest common divisor of 2501011 and 254.
127
What is the highest common divisor of 63100 and 340?
20
What is the greatest common factor of 27 and 54297?
27
Calculate the greatest common divisor of 695770 and 6970.
410
Calculate the greatest common factor of 3150 and 819.
63
Calculate the greatest common factor of 52 and 448.
4
Calculate the greatest common divisor of 257196 and 636.
12
What is the highest common factor of 378 and 67830?
42
Calculate the highest common divisor of 22484 and 31108.
308
Calculate the highest common divisor of 21504 and 1050.
42
Calculate the greatest common divisor of 1452910 and 460.
230
Calculate the greatest common divisor of 216 and 45819.
27
What is the highest common divisor of 23 and 759529?
23
What is the greatest common factor of 1575 and 5112225?
225
What is the greatest common divisor of 786953 and 148?
37
Calculate the greatest common factor of 4108405 and 245.
245
What is the highest common factor of 21414 and 77688?
498
What is the highest common divisor of 512 and 17792?
128
Calculate the highest common factor of 47 and 2773.
47
Calculate the greatest common divisor of 23961 and 500899.
1141
Calculate the highest common divisor of 663 and 623883.
663
Calculate the highest common divisor of 44352 and 1408.
704
Calculate the highest common divisor of 100111 and 13891.
479
Calculate the greatest common divisor of 403 and 45539.
403
Calculate the highest common divisor of 100 and 183100.
100
What is the greatest common divisor of 221 and 1547221?
221
Calculate the highest common divisor of 872 and 12971.
109
What is the highest common factor of 34 and 566?
2
What is the greatest common divisor of 288954 and 594?
54
What is the greatest common divisor of 174 and 224170?
58
What is the highest common factor of 7 and 667807?
7
Calculate the greatest common divisor of 2774 and 6278.
146
What is the greatest common factor of 6576 and 8631?
411
What is the greatest common factor of 120 and 2133840?
120
What is the highest common factor of 2400 and 13920?
480
Calculate the greatest common factor of 99480 and 120.
120
What is the highest common factor of 644 and 36?
4
What is the highest common divisor of 53 and 2220276?
53
Calculate the greatest common factor of 112 and 2733472.
112
What is the greatest common factor of 50 and 17525?
25
What is the highest common factor of 276496 and 10736?
176
Calculate the greatest common factor of 96 and 6487584.
96
What is the greatest common factor of 189904 and 26?
26
Calculate the highest common divisor of 621 and 487485.
621
What is the highest common factor of 1463 and 854?
7
What is the greatest common divisor of 3251180 and 50?
10
What is the highest common factor of 19922 and 56?
14
Calculate the highest common factor of 108846 and 54.
18
Calculate the highest common factor of 32364 and 651.
93
What is the highest common divisor of 59 and 1280477?
59
Calculate the greatest common factor of 1671 and 12213339.
1671
Calculate the highest common divisor of 21324 and 372.
12
Calculate the highest common factor of 36 and 8572.
4
What is the greatest common factor of 20363 and 56?
7
Calculate the highest common divisor of 16 and 439880.
8
Calculate the greatest common factor of 80808 and 6300.
84
Calculate the greatest common factor of 360 and 441270.
90
What is the greatest common factor of 3 and 50079?
3
Calculate the highest common divisor of 3498 and 1272.
318
Calculate the highest common divisor of 8 and 507956.
4
Calculate the greatest common factor of 906 and 265609.
151
What is the greatest common divisor of 12033 and 246390?
573
What is the highest common divisor of 30546 and 279?
9
Calculate the highest common divisor of 68256 and 189.
27
Calculate the highest common divisor of 382 and 95118.
382
What is the greatest common divisor of 174635 and 265?
265
Calculate the greatest common divisor of 180167 and 26.
13
What is the highest common factor of 860066 and 1498?
214
What is the greatest common factor of 831 and 912992?
277
Calculate the greatest common divisor of 2077 and 2108.
31
Calculate the greatest common divisor of 1865 and 1720.
5
What is the highest common factor of 97 and 2236723?
97
What is the highest common factor of 18000 and 17028?
36
What is the greatest common divisor of 50843 and 208?
13
What is the highest common factor of 8 and 142684?
4
What is the highest common divisor of 561 and 24387?
33
What is the highest common divisor of 110378 and 2519?
229
Calculate the highest common factor of 384 and 77856.
96
Calculate the greatest common divisor of 10568 and 256.
8
What is the highest common divisor of 96 and 222816?
96
What is the highest common factor of 317552 and 4094?
178
What is the greatest common divisor of 37 and 204906?
37
Calculate the greatest common factor of 91295 and 3255.
155
Calculate the highest common divisor of 530 and 6784.
106
What is the highest common factor of 783 and 1675881?
261
What is the highest common divisor of 846896 and 984?
328
What is the highest common factor of 2016 and 87840?
288
What is the greatest common divisor of 1066 and 36736?
82
What is the highest common factor of 504 and 857556?
252
Calculate the greatest common factor of 1075 and 224925.
25
Calculate the greatest common factor of 9984 and 38051.
13
Calculate the highest common divisor of 24123 and 43989.
1419
Calculate the greatest common factor of 2751 and 314007.
393
Calculate the greatest common divisor of 9198 and 876.
438
What is the highest common factor of 4 and 19172?
4
What is the highest common divisor of 355 and 8023?
71
Calculate the greatest common factor of 481096 and 11.
11
What is the greatest common divisor of 1629 and 133759?
181
What is the highest common divisor of 28652 and 1300?
52
What is the greatest common divisor of 1114454 and 8773?
283
Calculate the greatest common divisor of 202416 and 360.
24
What is the highest common divisor of 330 and 271920?
330
Calculate the highest common divisor of 62223 and 10206.
21
Calculate the greatest common factor of 73268 and 884.
52
What is the greatest common divisor of 848 and 6466?
106
What is the highest common factor of 13677 and 2115?
141
What is the highest common divisor of 1941 and 361673?
647
Calculate the greatest common factor of 4570370 and 1797.
599
What is the greatest common factor of 410820 and 167?
167
What is the highest common divisor of 73644 and 612?
204
What is the greatest common divisor of 570 and 6585?
15
What is the highest common factor of 311244 and 24?
12
What is the greatest common divisor of 890 and 27310?
10
Calculate the highest common divisor of 512 and 1299712.
256
What is the greatest common factor of 19985 and 9136?
571
Calculate the greatest common divisor of 175 and 1600.
25
Calculate the greatest common divisor of 7798 and 7241.
557
Calculate the highest common divisor of 106050 and 15.
15
What is the greatest common factor of 56 and 212312?
8
Calculate the highest common divisor of 32015 and 665.
95
What is the highest common factor of 541132 and 72?
4
Calculate the greatest common divisor of 825566 and 182.
14
Calculate the greatest common divisor of 5022 and 28026.
162
What is the greatest common divisor of 45625 and 4375?
625
Calculate the greatest common divisor of 8 and 309112.
8
What is the greatest common divisor of 48 and 71859?
3
What is the greatest common divisor 